{"id":385,"date":"2024-05-01T15:22:05","date_gmt":"2024-05-01T13:22:05","guid":{"rendered":"https:\/\/www.hps-consulting.at\/?page_id=385"},"modified":"2026-03-19T17:02:01","modified_gmt":"2026-03-19T16:02:01","slug":"impressum","status":"publish","type":"page","link":"https:\/\/www.nms-staw.at\/wordpress\/impressum\/","title":{"rendered":"IMPRESSUM"},"content":{"rendered":"<h3>Angaben gem\u00e4\u00df Informationspflicht laut \u00a75 E-Commerce Gesetz, \u00a714 Unternehmensgesetzbuch, \u00a763 Gewerbeordnung und Offenlegungspflicht laut \u00a725 Mediengesetz.<\/h3>\n<h3>N\u00d6 Informatik MittelschuleSt. Andr\u00e4-W\u00f6rdern<\/h3>\n<h4>Greifensteiner Stra\u00dfe 333423 St. Andr\u00e4-W\u00f6rdern<\/h4>\n<p>Tel.: 02242\/38090Fax: 02242\/38090-15Mail: 321062@noeschule.at<br \/>\nUnternehmensgegenstand:\u00a0Bildungseinrichtung<br \/>\nAufsichtsbeh\u00f6rde\/Gewerbebeh\u00f6rde:\u00a0Bildungsministerium<br \/>\nVerleihungsstaat: \u00d6sterreich<\/p>\n<h4>Direktion:<\/h4>\n<p>HOL Dipl.-P\u00e4d. Christl Nagl-Eder, MA<\/p>\n<h4>Webmaster:<\/h4>\n<p>Dipl.-P\u00e4d. Wolfgang Biebl, BEd MScDipl.<\/p>\n<h4>Bildnachweis:<\/h4>\n<p>N\u00d6 IT MS St. Andr\u00e4-W\u00f6rdernLehrer &amp; Klassenfotos: Gerald Tschank Schulbild GmbH, <a href=\"https:\/\/tschank.at\">Gerald Tschank Schulbild GmbH<\/a><br \/>\n@insta_photos &#8211; stock.adobe.com (<a href=\"https:\/\/stock.adobe.com\/de\/images\/close-up-cut-shot-of-concentrated-diligent-asian-ethnicity-elementary-schoolboy-touching-using-tablet-device-sitting-in-classroom-with-group-of-schoolchildren-modern-education-technologies-concept\/456530714\" target=\"_blank\" rel=\"noopener\">#456530714<\/a>)<br \/>\n@vejaa &#8211; stock.adobe.com (<a href=\"https:\/\/stock.adobe.com\/de\/images\/kid-hand-holding-white-tablet-computer-on-light-blue-background\/310113385\" target=\"_blank\" rel=\"noopener\">#310113385<\/a>)<br \/>\n@dolgachov &#8211; istockphoto.com (#48709020)<br \/>\n@gpointstudio &#8211; freepik premium license (two kids using laptop during lesson)<br \/>\n@Freepik &#8211; happy children enjoying ther gym class &#8211; freepik premium licence<br \/>\n@Mike Meyers &#8211; <a href=\"https:\/\/unsplash.com\/de\/fotos\/gelbes-wahlscheibentelefon--haAxbjiHds?utm_content=creditShareLink&amp;utm_medium=referral&amp;utm_source=unsplash\" target=\"_blank\" rel=\"noopener\">unsplash.com<\/a> @Tamana Rumee &#8211; &lt;a href=&#8220;http:\/\/Foto von <a href=\"https:\/\/unsplash.com\/de\/@tamanna_rumee?utm_content=creditCopyText&amp;utm_medium=referral&amp;utm_source=unsplash\">Tamanna Rumee<\/a> auf <a href=\"https:\/\/unsplash.com\/de\/fotos\/gelbes-und-blaues-papier-FtJEat_S7Q4?utm_content=creditCopyText&amp;utm_medium=referral&amp;utm_source=unsplash\">Unsplash<\/a>&#8220; data-wplink-url-error=&#8220;true&#8220;&gt;unsplash.com<\/p>\n<h4>Webdesign:<\/h4>\n<p><a href=\"https:\/\/www.fein-design.at\">fein-design Werbung &amp; Kommunikation e.U.<\/a><\/p>\n<h4>Rechtliche Informationen:<\/h4>\n<p>Alle auf dieser Webseite angef\u00fchrten Hyperlinks zu den Webseiten anderer Anbieter wurden vor der Linksetzung von der NN\u00d6MS St. Andr\u00e4-W\u00f6rdern \u00fcberpr\u00fcft und unterliegen einer laufenden Kontrolle. Dennoch betonen wir ausdr\u00fccklich, dass wir keinerlei Einfluss auf die Inhalte und Gestaltung der gelinkten Seiten haben. Sollten diese Seiten ohne unsere Kenntnis, ihre Inhalte nach unserer \u00dcberpr\u00fcfung derart \u00e4ndern, dass sie eine \u201erechtswidrige T\u00e4tigkeit oder Information\u201c i.S.d. \u00a7 17 E-Commerce-Gesetz (BGBl. Nr. 152\/2001 vom 21.12.2001) darstellen, distanzieren wir uns hiermit ausdr\u00fccklich von diesen Inhalten.Diese Erkl\u00e4rung gilt f\u00fcr alle auf unserer Webseite angebrachten Links und f\u00fcr Inhalte der Seiten, zu denen Links f\u00fchren.<br \/>\nAnmerkung:Da wir nicht alle eingelinkten Seiten st\u00e4ndig im Auge behalten k\u00f6nnen, ersuchen wir Sie, uns \u00fcber allf\u00e4llige \u201erechtswidrige T\u00e4tigkeiten und Informationen\u201c auf den von uns eingelinkten Webseiten zu informieren. Alle auf dieser Website bereit gestellten Informationen wurden mit gro\u00dfer Sorgfalt recherchiert. Trotzdem k\u00f6nnen Fehler und Irrt\u00fcmer nicht ausgeschlossen werden. Wir k\u00f6nnen keine Gew\u00e4hr f\u00fcr Richtigkeit, Vollst\u00e4ndigkeit und Aktualit\u00e4t der bereitgestellten Informationen \u00fcbernehmen.<br \/>\nDie Bekanntgabe von E-Mail-Adressen auf dieser Website entspricht keiner Zustimmung zum Erhalt unaufgeforderter E-Mails. Angaben im Sinne des E-Commerce-Gesetzes (lt. BGBl Nr. 152\/2001 vom 21.12.2001, \u00a7 5, Abs. 1):<\/p>\n<p>Name des Dienstanbieters: N\u00d6MS St. Andr\u00e4-W\u00f6rdern<br \/>\nAnschrift: Greifensteiner Str. 33, 3423 St. Andr\u00e4-W\u00f6rdern<br \/>\nElektronische Postadresse: 321062@noeschule.at<br \/>\nFirmenbuchnummer und Firmenbuchgericht: entf\u00e4llt bei einer K\u00f6rperschaft \u00f6ffentlichen Rechts<br \/>\nAufsichtsbeh\u00f6rde: Land N\u00d6<br \/>\nKammerzugeh\u00f6rigkeit: entf\u00e4llt<br \/>\nUmsatzsteuer-Identifikationsnummer:<\/p>\n","protected":false},"excerpt":{"rendered":"<p>Angaben gem\u00e4\u00df Informationspflicht laut \u00a75 E-Commerce Gesetz, \u00a714 Unternehmensgesetzbuch, \u00a763 Gewerbeordnung und Offenlegungspflicht laut \u00a725 Mediengesetz. N\u00d6 Informatik MittelschuleSt. Andr\u00e4-W\u00f6rdern Greifensteiner Stra\u00dfe 333423 St. Andr\u00e4-W\u00f6rdern Tel.:<span class=\"excerpt-hellip\"> [\u2026]<\/span><\/p>\n","protected":false},"author":1,"featured_media":0,"parent":0,"menu_order":0,"comment_status":"open","ping_status":"closed","template":"","meta":{"footnotes":""},"class_list":["post-385","page","type-page","status-publish","hentry"],"yoast_head":"<!-- This site is optimized with the Yoast SEO plugin v27.4 - https:\/\/yoast.com\/product\/yoast-seo-wordpress\/ -->\n<title>IMPRESSUM - N\u00d6 Informatik Mittelschule St. Andr\u00e4-W\u00f6rdern<\/title>\n<meta name=\"description\" content=\"Impressum der N\u00d6 MS St. Andr\u00e4-W\u00f6rdern, Greifensteiner Stra\u00dfe 33, A-3423 St. Andr\u00e4-W\u00f6rdern. Angaben gem\u00e4\u00df Informationspflicht laut \u00a75 E-Commerce Gesetz,..\" \/>\n<meta name=\"robots\" content=\"index, follow, max-snippet:-1, max-image-preview:large, max-video-preview:-1\" \/>\n<link rel=\"canonical\" href=\"https:\/\/www.nms-staw.at\/wordpress\/impressum\/\" \/>\n<meta property=\"og:locale\" content=\"de_DE\" \/>\n<meta property=\"og:type\" content=\"article\" \/>\n<meta property=\"og:title\" content=\"IMPRESSUM - N\u00d6 Informatik Mittelschule St. Andr\u00e4-W\u00f6rdern\" \/>\n<meta property=\"og:description\" content=\"Impressum der N\u00d6 MS St. Andr\u00e4-W\u00f6rdern, Greifensteiner Stra\u00dfe 33, A-3423 St. Andr\u00e4-W\u00f6rdern. Angaben gem\u00e4\u00df Informationspflicht laut \u00a75 E-Commerce Gesetz,..\" \/>\n<meta property=\"og:url\" content=\"https:\/\/www.nms-staw.at\/wordpress\/impressum\/\" \/>\n<meta property=\"og:site_name\" content=\"N\u00d6 Informatik Mittelschule St. Andr\u00e4-W\u00f6rdern\" \/>\n<meta property=\"article:modified_time\" content=\"2026-03-19T16:02:01+00:00\" \/>\n<meta name=\"twitter:card\" content=\"summary_large_image\" \/>\n<meta name=\"twitter:label1\" content=\"Gesch\u00e4tzte Lesezeit\" \/>\n\t<meta name=\"twitter:data1\" content=\"2 Minuten\" \/>\n<script type=\"application\/ld+json\" class=\"yoast-schema-graph\">{\"@context\":\"https:\\\/\\\/schema.org\",\"@graph\":[{\"@type\":\"WebPage\",\"@id\":\"https:\\\/\\\/www.nms-staw.at\\\/wordpress\\\/impressum\\\/\",\"url\":\"https:\\\/\\\/www.nms-staw.at\\\/wordpress\\\/impressum\\\/\",\"name\":\"IMPRESSUM - N\u00d6 Informatik Mittelschule St. Andr\u00e4-W\u00f6rdern\",\"isPartOf\":{\"@id\":\"https:\\\/\\\/www.nms-staw.at\\\/wordpress\\\/#website\"},\"datePublished\":\"2024-05-01T13:22:05+00:00\",\"dateModified\":\"2026-03-19T16:02:01+00:00\",\"description\":\"Impressum der N\u00d6 MS St. Andr\u00e4-W\u00f6rdern, Greifensteiner Stra\u00dfe 33, A-3423 St. Andr\u00e4-W\u00f6rdern. Angaben gem\u00e4\u00df Informationspflicht laut \u00a75 E-Commerce Gesetz,..\",\"breadcrumb\":{\"@id\":\"https:\\\/\\\/www.nms-staw.at\\\/wordpress\\\/impressum\\\/#breadcrumb\"},\"inLanguage\":\"de-AT\",\"potentialAction\":[{\"@type\":\"ReadAction\",\"target\":[\"https:\\\/\\\/www.nms-staw.at\\\/wordpress\\\/impressum\\\/\"]}]},{\"@type\":\"BreadcrumbList\",\"@id\":\"https:\\\/\\\/www.nms-staw.at\\\/wordpress\\\/impressum\\\/#breadcrumb\",\"itemListElement\":[{\"@type\":\"ListItem\",\"position\":1,\"name\":\"Startseite\",\"item\":\"https:\\\/\\\/www.nms-staw.at\\\/wordpress\\\/\"},{\"@type\":\"ListItem\",\"position\":2,\"name\":\"IMPRESSUM\"}]},{\"@type\":\"WebSite\",\"@id\":\"https:\\\/\\\/www.nms-staw.at\\\/wordpress\\\/#website\",\"url\":\"https:\\\/\\\/www.nms-staw.at\\\/wordpress\\\/\",\"name\":\"N\u00d6 Informatik Mittelschule St. Andr\u00e4-W\u00f6rdern\",\"description\":\"Eine weitere WordPress-Website\",\"potentialAction\":[{\"@type\":\"SearchAction\",\"target\":{\"@type\":\"EntryPoint\",\"urlTemplate\":\"https:\\\/\\\/www.nms-staw.at\\\/wordpress\\\/?s={search_term_string}\"},\"query-input\":{\"@type\":\"PropertyValueSpecification\",\"valueRequired\":true,\"valueName\":\"search_term_string\"}}],\"inLanguage\":\"de-AT\"}]}<\/script>\n<!-- \/ Yoast SEO plugin. -->","yoast_head_json":{"title":"IMPRESSUM - N\u00d6 Informatik Mittelschule St. Andr\u00e4-W\u00f6rdern","description":"Impressum der N\u00d6 MS St. Andr\u00e4-W\u00f6rdern, Greifensteiner Stra\u00dfe 33, A-3423 St. Andr\u00e4-W\u00f6rdern. Angaben gem\u00e4\u00df Informationspflicht laut \u00a75 E-Commerce Gesetz,..","robots":{"index":"index","follow":"follow","max-snippet":"max-snippet:-1","max-image-preview":"max-image-preview:large","max-video-preview":"max-video-preview:-1"},"canonical":"https:\/\/www.nms-staw.at\/wordpress\/impressum\/","og_locale":"de_DE","og_type":"article","og_title":"IMPRESSUM - N\u00d6 Informatik Mittelschule St. Andr\u00e4-W\u00f6rdern","og_description":"Impressum der N\u00d6 MS St. Andr\u00e4-W\u00f6rdern, Greifensteiner Stra\u00dfe 33, A-3423 St. Andr\u00e4-W\u00f6rdern. Angaben gem\u00e4\u00df Informationspflicht laut \u00a75 E-Commerce Gesetz,..","og_url":"https:\/\/www.nms-staw.at\/wordpress\/impressum\/","og_site_name":"N\u00d6 Informatik Mittelschule St. Andr\u00e4-W\u00f6rdern","article_modified_time":"2026-03-19T16:02:01+00:00","twitter_card":"summary_large_image","twitter_misc":{"Gesch\u00e4tzte Lesezeit":"2 Minuten"},"schema":{"@context":"https:\/\/schema.org","@graph":[{"@type":"WebPage","@id":"https:\/\/www.nms-staw.at\/wordpress\/impressum\/","url":"https:\/\/www.nms-staw.at\/wordpress\/impressum\/","name":"IMPRESSUM - N\u00d6 Informatik Mittelschule St. Andr\u00e4-W\u00f6rdern","isPartOf":{"@id":"https:\/\/www.nms-staw.at\/wordpress\/#website"},"datePublished":"2024-05-01T13:22:05+00:00","dateModified":"2026-03-19T16:02:01+00:00","description":"Impressum der N\u00d6 MS St. Andr\u00e4-W\u00f6rdern, Greifensteiner Stra\u00dfe 33, A-3423 St. Andr\u00e4-W\u00f6rdern. Angaben gem\u00e4\u00df Informationspflicht laut \u00a75 E-Commerce Gesetz,..","breadcrumb":{"@id":"https:\/\/www.nms-staw.at\/wordpress\/impressum\/#breadcrumb"},"inLanguage":"de-AT","potentialAction":[{"@type":"ReadAction","target":["https:\/\/www.nms-staw.at\/wordpress\/impressum\/"]}]},{"@type":"BreadcrumbList","@id":"https:\/\/www.nms-staw.at\/wordpress\/impressum\/#breadcrumb","itemListElement":[{"@type":"ListItem","position":1,"name":"Startseite","item":"https:\/\/www.nms-staw.at\/wordpress\/"},{"@type":"ListItem","position":2,"name":"IMPRESSUM"}]},{"@type":"WebSite","@id":"https:\/\/www.nms-staw.at\/wordpress\/#website","url":"https:\/\/www.nms-staw.at\/wordpress\/","name":"N\u00d6 Informatik Mittelschule St. Andr\u00e4-W\u00f6rdern","description":"Eine weitere WordPress-Website","potentialAction":[{"@type":"SearchAction","target":{"@type":"EntryPoint","urlTemplate":"https:\/\/www.nms-staw.at\/wordpress\/?s={search_term_string}"},"query-input":{"@type":"PropertyValueSpecification","valueRequired":true,"valueName":"search_term_string"}}],"inLanguage":"de-AT"}]}},"_links":{"self":[{"href":"https:\/\/www.nms-staw.at\/wordpress\/wp-json\/wp\/v2\/pages\/385","targetHints":{"allow":["GET"]}}],"collection":[{"href":"https:\/\/www.nms-staw.at\/wordpress\/wp-json\/wp\/v2\/pages"}],"about":[{"href":"https:\/\/www.nms-staw.at\/wordpress\/wp-json\/wp\/v2\/types\/page"}],"author":[{"embeddable":true,"href":"https:\/\/www.nms-staw.at\/wordpress\/wp-json\/wp\/v2\/users\/1"}],"replies":[{"embeddable":true,"href":"https:\/\/www.nms-staw.at\/wordpress\/wp-json\/wp\/v2\/comments?post=385"}],"version-history":[{"count":3,"href":"https:\/\/www.nms-staw.at\/wordpress\/wp-json\/wp\/v2\/pages\/385\/revisions"}],"predecessor-version":[{"id":1171,"href":"https:\/\/www.nms-staw.at\/wordpress\/wp-json\/wp\/v2\/pages\/385\/revisions\/1171"}],"wp:attachment":[{"href":"https:\/\/www.nms-staw.at\/wordpress\/wp-json\/wp\/v2\/media?parent=385"}],"curies":[{"name":"wp","href":"https:\/\/api.w.org\/{rel}","templated":true}]}}